t of 24186427?
4
What is the hundred thousands digit of 215148?
2
What is the hundred thousands digit of 1135678?
1
What is the thousands digit of 3643736?
3
What is the ten thousands digit of 18501?
1
What is the tens digit of 169943?
4
What is the tens digit of 288667?
6
What is the units digit of 4176396?
6
What is the ten millions digit of 15913116?
1
What is the hundreds digit of 11367339?
3
What is the thousands digit of 526694?
6
What is the thousands digit of 331958?
1
What is the hundreds digit of 656225?
2
What is the hundreds digit of 137504?
5
What is the hundreds digit of 1262596?
5
What is the ten millions digit of 12262286?
1
What is the hundreds digit of 66682?
6
What is the hundred thousands digit of 2541901?
5
What is the millions digit of 2332990?
2
What is the ten thousands digit of 265756?
6
What is the units digit of 1431845?
5
What is the hundreds digit of 7836263?
2
What is the thousands digit of 285720?
5
What is the millions digit of 7153794?
7
What is the units digit of 2568865?
5
What is the millions digit of 1806718?
1
What is the hundreds digit of 5811931?
9
What is the tens digit of 2300897?
9
What is the hundred thousands digit of 2670788?
6
What is the ten millions digit of 10454257?
1
What is the hundred thousands digit of 376221?
3
What is the tens digit of 96185?
8
What is the tens digit of 468301?
0
What is the thousands digit of 8783967?
3
What is the ten thousands digit of 13243074?
4
What is the hundreds digit of 10908408?
4
What is the hundred thousands digit of 15486485?
4
What is the hundreds digit of 1281157?
1
What is the ten thousands digit of 1089181?
8
What is the hundreds digit of 840785?
7
What is the hundred thousands digit of 15974316?
9
What is the hundred thousands digit of 4096088?
0
What is the ten thousands digit of 7393264?
9
What is the hundreds digit of 313460?
4
What is the ten thousands digit of 27255?
2
What is the hundreds digit of 102027?
0
What is the ten thousands digit of 2794521?
9
What is the hundred thousands digit of 2866068?
8
What is the tens digit of 244051?
5
What is the hundred thousands digit of 38314115?
3
What is the units digit of 1580933?
3
What is the ten thousands digit of 5689187?
8
What is the ten thousands digit of 875417?
7
What is the ten thousands digit of 204781?
0
What is the tens digit of 1174934?
3
What is the hundreds digit of 3075089?
0
What is the ten thousands digit of 3302104?
0
What is the ten thousands digit of 83509?
8
What is the tens digit of 1136319?
1
What is the units digit of 7008371?
1
What is the ten thousands digit of 5707233?
0
What is the tens digit of 1234271?
7
What is the hundred thousands digit of 4909181?
9
What is the thousands digit of 752458?
2
What is the ten thousands digit of 94337?
9
What is the ten thousands digit of 1136691?
3
What is the units digit of 7033300?
0
What is the units digit of 3558561?
1
What is the ten thousands digit of 596647?
9
What is the units digit of 8477577?
7
What is the ten thousands digit of 4390460?
9
What is the hundred thousands digit of 185299?
1
What is the hundred thousands digit of 2683086?
6
What is the hundreds digit of 400732?
7
What is the ten thousands digit of 138308?
3
What is the hundred thousands digit of 300966?
3
What is the ten thousands digit of 1555689?
5
What is the tens digit of 700030?
3
What is the units digit of 17222496?
6
What is the units digit of 19488621?
1
What is the thousands digit of 4064336?
4
What is the thousands digit of 819469?
9
What is the hundred thousands digit of 542035?
5
What is the ten thousands digit of 1703035?
0
What is the millions digit of 13082923?
3
What is the ten thousands digit of 482925?
8
What is the ten thousands digit of 818397?
1
What is the millions digit of 1086927?
1
What is the units digit of 100580?
0
What is the ten thousands digit of 659778?
5
What is the units digit of 1616922?
2
What is the tens digit of 1368315?
1
What is the ten thousands digit of 2422788?
2
What is the hundred thousands digit of 26297864?
2
What is the tens digit of 9589518?
1
What is the hundred thousands digit of 1380738?
3
What is the ten thousands digit of 4364245?
6
What is the millions digit of 1958542?
1
What is the ten thousands digit of 1044355?
4
What is the hundred thousands digit of 2344476?
3
What is the tens digit of 194538?
3
What is the hundreds digit of 265636?
6
What is the units digit of 29744?
4
What is the ten millions digit of 12921737?
1
What is the units digit of 4105521?
1
What is the units digit of 326206?
6
What is the millions digit of 3733131?
3
What is the tens digit of 184885?
8
What is the units digit of 1417523?
3
What is the units digit of 281709?
9
What is the units digit of 14257406?
6
What is the tens digit of 400224?
2
What is the hundreds digit of 296173?
1
What is the ten thousands digit of 3238699?
3
What is the units digit of 4481003?
3
What is the units digit of 3341237?
7
What is the millions digit of 1130020?
1
What is the millions digit of 8939387?
8
What is the ten thousands digit of 214512?
1
What is the thousands digit of 1017976?
7
What is the tens digit of 125187?
8
What is the units digit of 6221940?
0
What is the units digit of 444907?
7
What is the thousands digit of 5421866?
1
What is the tens digit of 6125677?
7
What is the ten thousands digit of 563773?
6
What is the hundreds digit of 1114165?
1
What is the hundred thousands digit of 9442059?
4
What is the hundreds digit of 2493708?
7
What is the tens digit of 661416?
1
What is the hundred thousands digit of 2170074?
1
What is the tens digit of 102198?
9
What is the hundreds digit of 1395874?
8
What is the hundred thousands digit of 1098343?
0
What is the units digit of 272000?
0
What is the tens digit of 613400?
0
What is the hundred thousands digit of 924605?
9
What is the units digit of 1185352?
2
What is the units digit of 3097890?
0
What is the ten thousands digit of 8182337?
8
What is the tens digit of 11866993?
9
What is the tens digit of 15031?
3
What is the ten millions digit of 21141705?
2
What is the hundreds digit of 4102657?
6
What is the hundreds digit of 298578?
5
What is the thousands digit of 126560?
6
What is the ten thousands digit of 6365473?
6
What is the tens digit of 873263?
6
What is the ten thousands digit of 18249459?
4
What is the thousands digit of 150141?
0
What is the tens digit of 250364?
6
What is the units digit of 361690?
0
What is the ten thousands digit of 558475?
5
What is the hundreds digit of 664104?
1
What is the millions digit of 2492705?
2
What is the thousands digit of 909439?
9
What is the hundreds digit of 1839232?
2
What is the units digit of 1979296?
6
What is the ten thousands digit of 7314395?
1
What is the units digit of 26045801?
1
What is the hundred thousands digit of 3163841?
1
What is the units digit of 926870?
0
What is the hundreds digit of 243251?
2
What is the hundreds digit of 645785?
7
What is the ten thousands digit of 166326?
6
What is the units digit of 354710?
0
What is the hundred thousands digit of 1460624?
4
What is the hundreds digit of 47915?
9
What is the tens digit of 284397?
9
What is the hundred thousands digit of 796366?
7
What is the millions digit of 17681986?
7
What is the tens digit of 498082?
8
What is the hundreds digit of 15424587?
5
What is the hundreds digit of 23517451?
4
What is the hundred thousands digit of 2149506?
1
What is the hundred thousands digit of 132461?
1
What is the hundred thousands digit of 202273?
2
What is the tens digit of 412242?
4
What is the hundreds digit of 418690?
6
What is the tens digit of 292055?
5
What is the tens digit of 347941?
4
What is the hundred thousands digit of 8499939?
4
What is the tens digit of 4181957?
5
What is the units digit of 34924?
4
What is the hundreds digit of 3612?
6
What is the ten thousands digit of 17593613?
9
What is the thousands digit of 9050652?
0
What is the hundreds digit of 266789?
7
What is the thousands digit of 776838?
6
What is the millions digit of 1469184?
1
What is the ten thousands digit of 1181015?
8
What is the hundreds digit of 2161677?
6
What is the hundreds digit of 192160?
1
What is the hundreds digit of 266539?
5
What is the hundred thousands digit of 278999?
2
What is the units di